2153 is divided by 822.
815
Calculate the remainder when 496645897 is divided by 1193.
1190
What is the remainder when 1846445174 is divided by 4275?
4274
Calculate the remainder when 9277687 is divided by 26660.
7
What is the remainder when 14863854 is divided by 56?
54
Calculate the remainder when 2553 is divided by 411.
87
Calculate the remainder when 59490803 is divided by 2389.
2314
What is the remainder when 992839 is divided by 496272?
295
What is the remainder when 54795 is divided by 3618?
525
Calculate the remainder when 15542 is divided by 2927.
907
What is the remainder when 84951203 is divided by 1555?
1553
What is the remainder when 159005 is divided by 2695?
0
Calculate the remainder when 997071214 is divided by 5064.
5062
Calculate the remainder when 14512288 is divided by 69.
1
What is the remainder when 815141 is divided by 339?
185
Calculate the remainder when 43217 is divided by 42778.
439
Calculate the remainder when 461384 is divided by 10003.
1246
Calculate the remainder when 652966 is divided by 36263.
232
What is the remainder when 5074072 is divided by 71?
57
Calculate the remainder when 18640853 is divided by 37.
31
What is the remainder when 70526 is divided by 23444?
194
Calculate the remainder when 5162443 is divided by 271687.
390
Calculate the remainder when 807313 is divided by 401835.
3643
Calculate the remainder when 8669047 is divided by 108.
103
What is the remainder when 29113376 is divided by 9704411?
143
What is the remainder when 2437844 is divided by 2613?
2528
What is the remainder when 1130590 is divided by 31?
20
What is the remainder when 1105081 is divided by 184155?
151
What is the remainder when 540847 is divided by 269287?
2273
Calculate the remainder when 83778 is divided by 20589.
1422
Calculate the remainder when 2931869 is divided by 266527.
72
What is the remainder when 722425 is divided by 144485?
0
What is the remainder when 22194412 is divided by 3025?
3012
What is the remainder when 1200770 is divided by 100056?
98
Calculate the remainder when 3345154 is divided by 839.
61
Calculate the remainder when 10075371 is divided by 61812.
15
Calculate the remainder when 93363 is divided by 13310.
193
What is the remainder when 2916288 is divided by 116651?
13
Calculate the remainder when 51085 is divided by 3406.
3401
What is the remainder when 215048 is divided by 105960?
3128
Calculate the remainder when 1182146 is divided by 3615.
41
Calculate the remainder when 23686254 is divided by 59.
55
Calculate the remainder when 33944502 is divided by 5924.
5906
Calculate the remainder when 15694 is divided by 7402.
890
What is the remainder when 60620171 is divided by 240?
11
Calculate the remainder when 306231 is divided by 20415.
6
What is the remainder when 155135 is divided by 7004?
1047
Calculate the remainder when 154101979 is divided by 9322.
9319
Calculate the remainder when 82257401 is divided by 16451477.
16
Calculate the remainder when 17839 is divided by 2034.
1567
What is the remainder when 10619502 is divided by 7?
5
What is the remainder when 5963064 is divided by 2793?
9
Calculate the remainder when 9405 is divided by 470.
5
What is the remainder when 34403349 is divided by 4?
1
What is the remainder when 379050 is divided by 53831?
2233
Calculate the remainder when 6863597 is divided by 403737.
68
Calculate the remainder when 33880791 is divided by 188.
183
What is the remainder when 284527 is divided by 370?
367
Calculate the remainder when 385545 is divided by 780.
225
What is the remainder when 17905446 is divided by 51?
9
What is the remainder when 109662 is divided by 1601?
794
What is the remainder when 5067127 is divided by 781?
780
Calculate the remainder when 10379797 is divided by 411.
403
What is the remainder when 3188346 is divided by 1323?
1239
Calculate the remainder when 897971516 is divided by 64.
60
Calculate the remainder when 3529717 is divided by 14.
9
What is the remainder when 44102 is divided by 6226?
520
What is the remainder when 74561 is divided by 14759?
766
What is the remainder when 4461200 is divided by 29?
14
Calculate the remainder when 126852 is divided by 328.
244
Calculate the remainder when 751834 is divided by 3537.
1990
Calculate the remainder when 9321239 is divided by 1796.
1795
What is the remainder when 29290 is divided by 8124?
4918
Calculate the remainder when 4520772 is divided by 4520753.
19
Calculate the remainder when 551403 is divided by 6314.
2085
Calculate the remainder when 1134971 is divided by 335.
326
What is the remainder when 828098 is divided by 421?
412
What is the remainder when 576233 is divided by 38411?
68
Calculate the remainder when 32856 is divided by 15011.
2834
What is the remainder when 122960516 is divided by 27?
5
Calculate the remainder when 964439810 is divided by 1538.
1536
What is the remainder when 6026949 is divided by 683?
157
What is the remainder when 24384287 is divided by 18238?
81
What is the remainder when 5651227 is divided by 2738?
2733
Calculate the remainder when 148782 is divided by 29646.
552
Calculate the remainder when 604913 is divided by 892.
137
Calculate the remainder when 174535999 is divided by 9205.
9199
What is the remainder when 2430066 is divided by 29?
11
Calculate the remainder when 23091040 is divided by 9174.
82
What is the remainder when 537939 is divided by 134484?
3
What is the remainder when 461966 is divided by 1118?
232
What is the remainder when 12711656 is divided by 1118?
1114
What is the remainder when 1958111 is divided by 204?
119
What is the remainder when 14046024 is divided by 3508?
3500
Calculate the remainder when 1407564 is divided by 37.
10
Calculate the remainder when 302087 is divided by 37746.
119
Calculate the remainder when 879155 is divided by 3438.
2465
Calculate the remainder when 3191301 is divided by 455733.
1170
What is the remainder when 10824194 is divided by 31465?
234
What is the remainder when 100536036 is divided by 21565?
6
What is the remainder when 6716183 is divided by 959454?
5
What is the remainder when 22922587 is divided by 8060?
8007
What is the remainder when 16884909 is divided by 34?
33
What is the remainder when 52213 is divided by 11?
7
Calculate the remainder when 14846180 is divided by 1558.
1556
What is the remainder when 1468303 is divided by 174?
91
Calculate the remainder when 35272 is divided by 162.
118
What is the remainder when 167514415 is divided by 16?
15
Calculate the remainder when 40725294 is divided by 16.
14
What is the remainder when 145282 is divided by 1579?
14
What is the remainder when 377063 is divided by 1547?
1142
What is the remainder when 4145483 is divided by 1381800?
83
Calculate the remainder when 1040045 is divided by 2301.
2294
What is the remainder when 21747 is divided by 3819?
2652
What is the remainder when 137145878 is divided by 22857643?
20
What is the remainder when 4111962 is divided by 4111934?
28
Calculate the remainder when 147072 is divided by 15.
12
What is the remainder when 204875774 is divided by 7168?
7166
What is the remainder when 324663 is divided by 36047?
240
What is the remainder when 482991 is divided by 13348?
2463
Calculate the remainder when 55907487 is divided by 709.
1
What is the remainder when 24282785 is divided by 8716?
9
What is the remainder when 260210 is divided by 1672?
1050
What is the remainder when 371332 is divided by 30936?
100
What is the remainder when 1428749 is divided by 1125?
1124
What is the remainder when 378068 is divided by 3229?
275
Calculate the remainder when 2256432 is divided by 9.
6
What is the remainder when 257162 is divided by 6020?
4322
What is the remainder when 29552 is divided by 2509?
1953
Calculate the remainder when 348999 is divided by 2507.
526
Calculate the remainder when 390217 is divided by 18581.
16
Calculate the remainder when 9661201 is divided by 2537.
305
Calculate the remainder when 54287 is divided by 1094.
681
Calculate the remainder when 88751483 is divided by 783.
782
What is the remainder when 586381 is divided by 3320?
2061
Calculate the remainder when 9120850 is divided by 1079.
63
What is the remainder when 102930325 is divided by 4852?
4849
What is the remainder when 1898148 is divided by 4461?
2223
Wh